{"id":1035,"date":"2023-04-04T11:14:44","date_gmt":"2023-04-04T11:14:44","guid":{"rendered":"https:\/\/demosites.royal-elementor-addons.com\/construction-v3\/?page_id=1035"},"modified":"2025-11-29T17:10:26","modified_gmt":"2025-11-29T16:10:26","slug":"mentions-legales","status":"publish","type":"page","link":"https:\/\/protech-constructions.com\/index.php\/mentions-legales\/","title":{"rendered":"Mention l\u00e9gales"},"content":{"rendered":"\t\t<div data-elementor-type=\"wp-page\" data-elementor-id=\"1035\" class=\"elementor elementor-1035\" data-elementor-post-type=\"page\">\n\t\t\t\t\t\t<section class=\"elementor-section elementor-top-section elementor-element elementor-element-2be5103 elementor-section-height-min-height elementor-section-boxed elementor-section-height-default elementor-section-items-middle wpr-particle-no wpr-jarallax-no wpr-parallax-no wpr-sticky-section-no wpr-equal-height-no\" data-id=\"2be5103\" data-element_type=\"section\" data-e-type=\"section\" data-settings=\"{&quot;background_background&quot;:&quot;classic&quot;,&quot;shape_divider_bottom&quot;:&quot;tilt&quot;}\">\n\t\t\t\t\t\t\t<div class=\"elementor-background-overlay\"><\/div>\n\t\t\t\t\t\t<div class=\"elementor-shape elementor-shape-bottom\" aria-hidden=\"true\" data-negative=\"false\">\n\t\t\t<svg xmlns=\"http:\/\/www.w3.org\/2000\/svg\" viewBox=\"0 0 1000 100\" preserveAspectRatio=\"none\">\n\t<path class=\"elementor-shape-fill\" d=\"M0,6V0h1000v100L0,6z\"\/>\n<\/svg>\t\t<\/div>\n\t\t\t\t\t<div class=\"elementor-container elementor-column-gap-default\">\n\t\t\t\t\t<div class=\"elementor-column elementor-col-100 elementor-top-column elementor-element elementor-element-3a0050f\" data-id=\"3a0050f\" data-element_type=\"column\" data-e-type=\"column\">\n\t\t\t<div class=\"elementor-widget-wrap elementor-element-populated\">\n\t\t\t\t\t\t<div class=\"elementor-element elementor-element-51a62a8 elementor-widget elementor-widget-heading\" data-id=\"51a62a8\" data-element_type=\"widget\" data-e-type=\"widget\" data-widget_type=\"heading.default\">\n\t\t\t\t<div class=\"elementor-widget-container\">\n\t\t\t\t\t<h1 class=\"elementor-heading-title elementor-size-default\">Mentions L\u00e9gales<\/h1>\t\t\t\t<\/div>\n\t\t\t\t<\/div>\n\t\t\t\t\t<\/div>\n\t\t<\/div>\n\t\t\t\t\t<\/div>\n\t\t<\/section>\n\t\t\t\t<section class=\"elementor-section elementor-top-section elementor-element elementor-element-6045a56 elementor-section-boxed elementor-section-height-default elementor-section-height-default wpr-particle-no wpr-jarallax-no wpr-parallax-no wpr-sticky-section-no wpr-equal-height-no\" data-id=\"6045a56\" data-element_type=\"section\" data-e-type=\"section\">\n\t\t\t\t\t\t<div class=\"elementor-container elementor-column-gap-default\">\n\t\t\t\t\t<div class=\"elementor-column elementor-col-100 elementor-top-column elementor-element elementor-element-bfff32b\" data-id=\"bfff32b\" data-element_type=\"column\" data-e-type=\"column\">\n\t\t\t<div class=\"elementor-widget-wrap elementor-element-populated\">\n\t\t\t\t\t\t<section class=\"elementor-section elementor-inner-section elementor-element elementor-element-b120b79 elementor-section-boxed elementor-section-height-default elementor-section-height-default wpr-particle-no wpr-jarallax-no wpr-parallax-no wpr-sticky-section-no wpr-equal-height-no\" data-id=\"b120b79\" data-element_type=\"section\" data-e-type=\"section\" data-settings=\"{&quot;background_background&quot;:&quot;classic&quot;}\">\n\t\t\t\t\t\t<div class=\"elementor-container elementor-column-gap-wide\">\n\t\t\t\t\t<div class=\"elementor-column elementor-col-100 elementor-inner-column elementor-element elementor-element-616f7d5\" data-id=\"616f7d5\" data-element_type=\"column\" data-e-type=\"column\">\n\t\t\t<div class=\"elementor-widget-wrap elementor-element-populated\">\n\t\t\t\t\t\t<div class=\"elementor-element elementor-element-b6e7b19 elementor-widget elementor-widget-heading\" data-id=\"b6e7b19\" data-element_type=\"widget\" data-e-type=\"widget\" data-widget_type=\"heading.default\">\n\t\t\t\t<div class=\"elementor-widget-container\">\n\t\t\t\t\t<h2 class=\"elementor-heading-title elementor-size-default\">Mentions l\u00e9gales Protech Constructions\n<\/h2>\t\t\t\t<\/div>\n\t\t\t\t<\/div>\n\t\t\t\t<div class=\"elementor-element elementor-element-6f8efb8 elementor-widget elementor-widget-heading\" data-id=\"6f8efb8\" data-element_type=\"widget\" data-e-type=\"widget\" data-widget_type=\"heading.default\">\n\t\t\t\t<div class=\"elementor-widget-container\">\n\t\t\t\t\t<h3 class=\"elementor-heading-title elementor-size-default\">Mentions L\u00e9gales<\/h3>\t\t\t\t<\/div>\n\t\t\t\t<\/div>\n\t\t\t\t<div class=\"elementor-element elementor-element-e9a1a06 elementor-widget elementor-widget-text-editor\" data-id=\"e9a1a06\" data-element_type=\"widget\" data-e-type=\"widget\" data-widget_type=\"text-editor.default\">\n\t\t\t\t<div class=\"elementor-widget-container\">\n\t\t\t\t\t\t\t\t\t<h4><i><span style=\"font-weight: 400;\">Informations sur l&rsquo;\u00e9diteur du site<\/span><\/i><\/h4><p><i><span style=\"font-weight: 400;\">Nom de l&rsquo;entreprise :<\/span><\/i><i><span style=\"font-weight: 400;\"> Protech Constructions<\/span><\/i><i><span style=\"font-weight: 400;\"><br \/><\/span><\/i><i><span style=\"font-weight: 400;\">Forme juridique : SARL<\/span><\/i><i><span style=\"font-weight: 400;\"><br \/><\/span><\/i><i><span style=\"font-weight: 400;\">Si\u00e8ge social : Montpellier, 34000<\/span><\/i><i><span style=\"font-weight: 400;\"><br \/><\/span><\/i><i><span style=\"font-weight: 400;\">Num\u00e9ro de t\u00e9l\u00e9phone : 0615962594<\/span><\/i><i><span style=\"font-weight: 400;\"><br \/><\/span><\/i><i><span style=\"font-weight: 400;\">Adresse e-mail : mohakacem6@gmail.com<\/span><\/i><i><span style=\"font-weight: 400;\"><br \/><\/span><\/i><i><span style=\"font-weight: 400;\">Num\u00e9ro d&rsquo;immatriculation de la soci\u00e9t\u00e9 :\u00a0<\/span>81015458300019<\/i><\/p><p>\u00a0<\/p><h4><i><span style=\"font-weight: 400;\">Cr\u00e9ateur du site<\/span><\/i><\/h4><p><i><span style=\"font-weight: 400;\">Raison sociale :<\/span><\/i><i><span style=\"font-weight: 400;\"> Producteur Web<\/span><\/i><i><span style=\"font-weight: 400;\"><br \/><\/span><\/i><i><span style=\"font-weight: 400;\">Responsable : Yassine Verriez<\/span><\/i><i><span style=\"font-weight: 400;\"><br \/><\/span><\/i><i><span style=\"font-weight: 400;\">T\u00e9l\u00e9phone : 06 31 97 22 60<\/span><\/i><i><span style=\"font-weight: 400;\"><br \/><\/span><\/i><i><span style=\"font-weight: 400;\">E-mail : contact@yasslogic.com<\/span><\/i><i><span style=\"font-weight: 400;\"><br \/><\/span><\/i><i><span style=\"font-weight: 400;\">Site web :<\/span><\/i><a href=\"https:\/\/yasslogic.com\/\" target=\"_blank\" rel=\"noopener\"> <i><span style=\"font-weight: 400;\">www.yasslogic.com<\/span><\/i><i><span style=\"font-weight: 400;\"><br \/><\/span><\/i><\/a><i><span style=\"font-weight: 400;\">SIRET : 95288342900013<\/span><\/i><\/p><p>\u00a0<\/p><h4><i><span style=\"font-weight: 400;\">H\u00e9bergement<\/span><\/i><\/h4><p><i><span style=\"font-weight: 400;\">Nom de l&rsquo;h\u00e9bergeur :<\/span><\/i><i><span style=\"font-weight: 400;\">\u00a0OVH<\/span><\/i><i><span style=\"font-weight: 400;\"><br \/><\/span><\/i><i><span style=\"font-weight: 400;\">Adresse : 2 rue Kellermann, 59100 ROUBAIX<\/span><\/i><i><span style=\"font-weight: 400;\"><br \/><\/span><\/i><i><span style=\"font-weight: 400;\">Num\u00e9ro de t\u00e9l\u00e9phone : 1007<\/span><\/i><\/p><p>\u00a0<\/p><h4><i><span style=\"font-weight: 400;\">Acc\u00e8s au site internet<\/span><\/i><\/h4><p><i><span style=\"font-weight: 400;\">L&rsquo;h\u00e9bergeur du site internet<\/span><\/i><a href=\"http:\/\/www.protech-constrcutions.fr\" target=\"_blank\" rel=\"noopener\"> <i><span style=\"font-weight: 400;\">www.protech-constrcutions.fr<\/span><\/i><\/a><i><span style=\"font-weight: 400;\"> et le cr\u00e9ateur du site internet (Producteur Web \u2013 YassLogic) reconnaissent disposer des comp\u00e9tences et de tous les moyens n\u00e9cessaires pour permettre aux utilisateurs d&rsquo;acc\u00e9der et d&rsquo;utiliser le site internet<\/span><\/i><a href=\"http:\/\/www.protech-constrcutions.fr\" target=\"_blank\" rel=\"noopener\"> <i><span style=\"font-weight: 400;\">www.protech-constrcutions.fr<\/span><\/i><\/a><i><span style=\"font-weight: 400;\">. Les utilisateurs du site web sont tenus de respecter les dispositions de la loi relative \u00e0 l&rsquo;informatique, aux libert\u00e9s et aux fichiers, dont la violation est passible de sanctions p\u00e9nales.<\/span><\/i><\/p><p>\u00a0<\/p><h4><i><span style=\"font-weight: 400;\">Propri\u00e9t\u00e9 intellectuelle<\/span><\/i><\/h4><p><i><span style=\"font-weight: 400;\">Tous les \u00e9l\u00e9ments du site Protech Constructions, qu&rsquo;ils soient visuels ou sonores, y compris la technologie sous-jacente, sont prot\u00e9g\u00e9s par le droit d&rsquo;auteur, des marques ou des brevets. Ils sont la propri\u00e9t\u00e9 exclusive de Protech Constructions ou de ses partenaires. Toute reproduction totale ou partielle du site, sans autorisation expresse, est strictement interdite.<\/span><\/i><\/p><p>\u00a0<\/p><h4><i><span style=\"font-weight: 400;\">Collecte de donn\u00e9es personnelles<\/span><\/i><\/h4><p><i><span style=\"font-weight: 400;\">Protech Constructions collecte et traite les donn\u00e9es personnelles conform\u00e9ment \u00e0 sa politique de confidentialit\u00e9. Pour plus d&rsquo;informations sur la collecte, l&rsquo;utilisation et la protection de vos donn\u00e9es personnelles, veuillez consulter notre politique de confidentialit\u00e9.<\/span><\/i><\/p><p>\u00a0<\/p><h4><i><span style=\"font-weight: 400;\">Utilisation des cookies<\/span><\/i><\/h4><p><i><span style=\"font-weight: 400;\">Le site<\/span><\/i><a href=\"http:\/\/www.protech-constructions.fr\" target=\"_blank\" rel=\"noopener\"> <i><span style=\"font-weight: 400;\">www.protech-constructions.fr<\/span><\/i><\/a><i><span style=\"font-weight: 400;\"> utilise des cookies pour am\u00e9liorer l&rsquo;exp\u00e9rience utilisateur et r\u00e9aliser des statistiques de visites. Vous pouvez refuser l&rsquo;utilisation des cookies en configurant les param\u00e8tres de votre navigateur.<\/span><\/i><\/p><p>\u00a0<\/p><h4><i><span style=\"font-weight: 400;\">Limitation de responsabilit\u00e9<\/span><\/i><\/h4><p><i><span style=\"font-weight: 400;\">Protech Constructions met tout en \u0153uvre pour offrir aux utilisateurs des informations disponibles et v\u00e9rifi\u00e9es, mais ne saurait \u00eatre tenue pour responsable des erreurs ou omissions, d&rsquo;une absence de disponibilit\u00e9 des informations et des services. En cons\u00e9quence, l&rsquo;utilisateur reconna\u00eet utiliser ces informations sous sa responsabilit\u00e9 exclusive.<\/span><\/i><\/p><p>\u00a0<\/p><h4><i><span style=\"font-weight: 400;\">Liens hypertextes<\/span><\/i><\/h4><p><i><span style=\"font-weight: 400;\">Le site<\/span><\/i><a href=\"http:\/\/www.protech-constructions.fr\" target=\"_blank\" rel=\"noopener\"> <i><span style=\"font-weight: 400;\">www.protech-constructions.fr<\/span><\/i><\/a><i><span style=\"font-weight: 400;\"> peut contenir des liens hypertextes vers d&rsquo;autres sites. Protech Constructions ne saurait \u00eatre tenue pour responsable de la mise \u00e0 disposition de ces sites et sources externes, et ne peut supporter aucune responsabilit\u00e9 quant au contenu, publicit\u00e9s, produits, services ou tout autre mat\u00e9riel disponible sur ou \u00e0 partir de ces sites ou sources externes.<\/span><\/i><\/p><p>\u00a0<\/p><h4><i><span style=\"font-weight: 400;\">Droit applicable<\/span><\/i><\/h4><p><i><span style=\"font-weight: 400;\">Le pr\u00e9sent site est soumis au droit fran\u00e7ais. En cas de litige, et apr\u00e8s tentative de recherche d&rsquo;une solution amiable, comp\u00e9tence exclusive est attribu\u00e9e aux tribunaux comp\u00e9tents de Montpellier.<\/span><\/i><\/p><p>\u00a0<\/p><h4><i><span style=\"font-weight: 400;\">Informations g\u00e9n\u00e9rales<\/span><\/i><\/h4><p><i><span style=\"font-weight: 400;\">Protech Constructions est une entreprise situ\u00e9e \u00e0 Montpellier, 34000. Nous vous informons que les pr\u00e9sentes mentions peuvent \u00eatre modifi\u00e9es \u00e0 tout moment. Ces modifications sont publi\u00e9es par leur mise en ligne et sont accept\u00e9es sans r\u00e9serve lorsque vous acc\u00e9dez au site post\u00e9rieurement \u00e0 leur mise en ligne. Nous vous recommandons de consulter r\u00e9guli\u00e8rement la pr\u00e9sente page.<\/span><\/i><\/p>\t\t\t\t\t\t\t\t<\/div>\n\t\t\t\t<\/div>\n\t\t\t\t\t<\/div>\n\t\t<\/div>\n\t\t\t\t\t<\/div>\n\t\t<\/section>\n\t\t\t\t\t<\/div>\n\t\t<\/div>\n\t\t\t\t\t<\/div>\n\t\t<\/section>\n\t\t<div class=\"elementor-element elementor-element-87ab56f elementor-hidden-desktop elementor-hidden-tablet elementor-hidden-mobile e-flex e-con-boxed wpr-particle-no wpr-jarallax-no wpr-parallax-no wpr-sticky-section-no wpr-equal-height-no e-con e-parent\" data-id=\"87ab56f\" data-element_type=\"container\" data-e-type=\"container\">\n\t\t\t\t\t<div class=\"e-con-inner\">\n\t\t\t\t<div class=\"elementor-element elementor-element-f5ab679 elementor-widget elementor-widget-image\" data-id=\"f5ab679\" data-element_type=\"widget\" data-e-type=\"widget\" data-widget_type=\"image.default\">\n\t\t\t\t<div class=\"elementor-widget-container\">\n\t\t\t\t\t\t\t\t\t\t\t\t\t\t\t<img fetchpriority=\"high\" decoding=\"async\" width=\"867\" height=\"261\" src=\"https:\/\/protech-constructions.com\/wp-content\/uploads\/2024\/06\/cropped-logo-p.png\" class=\"attachment-large size-large wp-image-143\" alt=\"Mentions L\u00e9gales\" srcset=\"https:\/\/protech-constructions.com\/wp-content\/uploads\/2024\/06\/cropped-logo-p.png 867w, https:\/\/protech-constructions.com\/wp-content\/uploads\/2024\/06\/cropped-logo-p-600x181.png 600w, https:\/\/protech-constructions.com\/wp-content\/uploads\/2024\/06\/cropped-logo-p-300x90.png 300w, https:\/\/protech-constructions.com\/wp-content\/uploads\/2024\/06\/cropped-logo-p-768x231.png 768w\" sizes=\"(max-width: 867px) 100vw, 867px\" \/>\t\t\t\t\t\t\t\t\t\t\t\t\t\t\t<\/div>\n\t\t\t\t<\/div>\n\t\t\t\t\t<\/div>\n\t\t\t\t<\/div>\n\t\t\t\t<\/div>\n\t\t","protected":false},"excerpt":{"rendered":"<p>Mentions L\u00e9gales Mentions l\u00e9gales Protech Constructions Mentions L\u00e9gales Informations sur l&rsquo;\u00e9diteur du site Nom de l&rsquo;entreprise : Protech ConstructionsForme juridique : SARLSi\u00e8ge social : Montpellier, 34000Num\u00e9ro de t\u00e9l\u00e9phone : 0615962594Adresse e-mail : mohakacem6@gmail.comNum\u00e9ro d&rsquo;immatriculation de la soci\u00e9t\u00e9 :\u00a081015458300019 \u00a0 Cr\u00e9ateur du site Raison sociale : Producteur WebResponsable : Yassine VerriezT\u00e9l\u00e9phone : 06 31 97 22 60E-mail : contact@yasslogic.comSite web : www.yasslogic.comSIRET : 95288342900013 \u00a0 H\u00e9bergement Nom de l&rsquo;h\u00e9bergeur :\u00a0OVHAdresse : 2 rue Kellermann, 59100 ROUBAIXNum\u00e9ro de t\u00e9l\u00e9phone : 1007 \u00a0 Acc\u00e8s au site internet L&rsquo;h\u00e9bergeur du site internet www.protech-constrcutions.fr et le cr\u00e9ateur du site internet (Producteur Web \u2013 YassLogic) reconnaissent disposer des comp\u00e9tences et de tous les moyens n\u00e9cessaires pour permettre aux utilisateurs d&rsquo;acc\u00e9der et d&rsquo;utiliser le site internet www.protech-constrcutions.fr. Les utilisateurs du site web sont tenus de respecter les dispositions de la loi relative \u00e0 l&rsquo;informatique, aux libert\u00e9s et aux fichiers, dont la violation est passible de sanctions p\u00e9nales. \u00a0 Propri\u00e9t\u00e9 intellectuelle Tous les \u00e9l\u00e9ments du site Protech Constructions, qu&rsquo;ils soient visuels ou sonores, y compris la technologie sous-jacente, sont prot\u00e9g\u00e9s par le droit d&rsquo;auteur, des marques ou des brevets. Ils sont la propri\u00e9t\u00e9 exclusive de Protech Constructions ou de ses partenaires. Toute reproduction totale ou partielle du site, sans autorisation expresse, est strictement interdite. \u00a0 Collecte de donn\u00e9es personnelles Protech Constructions collecte et traite les donn\u00e9es personnelles conform\u00e9ment \u00e0 sa politique de confidentialit\u00e9. Pour plus d&rsquo;informations sur la collecte, l&rsquo;utilisation et la protection de vos donn\u00e9es personnelles, veuillez consulter notre politique de confidentialit\u00e9. \u00a0 Utilisation des cookies Le site www.protech-constructions.fr utilise des cookies pour am\u00e9liorer l&rsquo;exp\u00e9rience utilisateur et r\u00e9aliser des statistiques de visites. Vous pouvez refuser l&rsquo;utilisation des cookies en configurant les param\u00e8tres de votre navigateur. \u00a0 Limitation de responsabilit\u00e9 Protech Constructions met tout en \u0153uvre pour offrir aux utilisateurs des informations disponibles et v\u00e9rifi\u00e9es, mais ne saurait \u00eatre tenue pour responsable des erreurs ou omissions, d&rsquo;une absence de disponibilit\u00e9 des informations et des services. En cons\u00e9quence, l&rsquo;utilisateur reconna\u00eet utiliser ces informations sous sa responsabilit\u00e9 exclusive. \u00a0 Liens hypertextes Le site www.protech-constructions.fr peut contenir des liens hypertextes vers d&rsquo;autres sites. Protech Constructions ne saurait \u00eatre tenue pour responsable de la mise \u00e0 disposition de ces sites et sources externes, et ne peut supporter aucune responsabilit\u00e9 quant au contenu, publicit\u00e9s, produits, services ou tout autre mat\u00e9riel disponible sur ou \u00e0 partir de ces sites ou sources externes. \u00a0 Droit applicable Le pr\u00e9sent site est soumis au droit fran\u00e7ais. En cas de litige, et apr\u00e8s tentative de recherche d&rsquo;une solution amiable, comp\u00e9tence exclusive est attribu\u00e9e aux tribunaux comp\u00e9tents de Montpellier. \u00a0 Informations g\u00e9n\u00e9rales Protech Constructions est une entreprise situ\u00e9e \u00e0 Montpellier, 34000. Nous vous informons que les pr\u00e9sentes mentions peuvent \u00eatre modifi\u00e9es \u00e0 tout moment. Ces modifications sont publi\u00e9es par leur mise en ligne et sont accept\u00e9es sans r\u00e9serve lorsque vous acc\u00e9dez au site post\u00e9rieurement \u00e0 leur mise en ligne. Nous vous recommandons de consulter r\u00e9guli\u00e8rement la pr\u00e9sente page.<\/p>\n","protected":false},"author":1,"featured_media":0,"parent":0,"menu_order":0,"comment_status":"closed","ping_status":"closed","template":"elementor_canvas","meta":{"footnotes":""},"class_list":["post-1035","page","type-page","status-publish","hentry"],"_links":{"self":[{"href":"https:\/\/protech-constructions.com\/index.php\/wp-json\/wp\/v2\/pages\/1035","targetHints":{"allow":["GET"]}}],"collection":[{"href":"https:\/\/protech-constructions.com\/index.php\/wp-json\/wp\/v2\/pages"}],"about":[{"href":"https:\/\/protech-constructions.com\/index.php\/wp-json\/wp\/v2\/types\/page"}],"author":[{"embeddable":true,"href":"https:\/\/protech-constructions.com\/index.php\/wp-json\/wp\/v2\/users\/1"}],"replies":[{"embeddable":true,"href":"https:\/\/protech-constructions.com\/index.php\/wp-json\/wp\/v2\/comments?post=1035"}],"version-history":[{"count":25,"href":"https:\/\/protech-constructions.com\/index.php\/wp-json\/wp\/v2\/pages\/1035\/revisions"}],"predecessor-version":[{"id":2579,"href":"https:\/\/protech-constructions.com\/index.php\/wp-json\/wp\/v2\/pages\/1035\/revisions\/2579"}],"wp:attachment":[{"href":"https:\/\/protech-constructions.com\/index.php\/wp-json\/wp\/v2\/media?parent=1035"}],"curies":[{"name":"wp","href":"https:\/\/api.w.org\/{rel}","templated":true}]}}